sands digit of 291547712?
4
What is the thousands digit of 545978400?
8
What is the hundred millions digit of 291130081?
2
What is the thousands digit of 1209113136?
3
What is the millions digit of 3515445185?
5
What is the ten thousands digit of 348267229?
6
What is the hundred thousands digit of 43345133?
3
What is the ten thousands digit of 6639286?
3
What is the hundreds digit of 42986907?
9
What is the hundred thousands digit of 18388296?
3
What is the hundreds digit of 101203710?
7
What is the hundreds digit of 17208350?
3
What is the hundreds digit of 29249171?
1
What is the hundred thousands digit of 56053997?
0
What is the hundreds digit of 1021895042?
0
What is the ten millions digit of 87836210?
8
What is the ten millions digit of 4187687894?
8
What is the units digit of 113481451?
1
What is the hundred thousands digit of 51082030?
0
What is the units digit of 4459378830?
0
What is the hundreds digit of 803126910?
9
What is the ten millions digit of 36606287?
3
What is the hundred thousands digit of 225333531?
3
What is the hundred thousands digit of 535807405?
8
What is the tens digit of 100681252?
5
What is the hundreds digit of 7172561092?
0
What is the hundreds digit of 875142881?
8
What is the hundred millions digit of 2746737410?
7
What is the hundreds digit of 239524114?
1
What is the ten thousands digit of 467754918?
5
What is the ten millions digit of 26188142?
2
What is the hundreds digit of 2293014724?
7
What is the hundred millions digit of 3541076309?
5
What is the units digit of 73322457?
7
What is the tens digit of 4786719?
1
What is the hundreds digit of 1516154448?
4
What is the tens digit of 1878333290?
9
What is the tens digit of 2984762887?
8
What is the millions digit of 18395230?
8
What is the hundreds digit of 3734876872?
8
What is the units digit of 1463731041?
1
What is the billions digit of 2056753117?
2
What is the units digit of 266821497?
7
What is the tens digit of 88820177?
7
What is the thousands digit of 117486613?
6
What is the ten thousands digit of 309074712?
7
What is the thousands digit of 306264402?
4
What is the millions digit of 63378138?
3
What is the hundred millions digit of 421281102?
4
What is the thousands digit of 74882125?
2
What is the ten thousands digit of 374700209?
0
What is the millions digit of 47792353?
7
What is the ten thousands digit of 88448651?
4
What is the units digit of 74678135?
5
What is the hundreds digit of 2796398346?
3
What is the ten thousands digit of 59529189?
2
What is the hundreds digit of 70983182?
1
What is the millions digit of 48319725?
8
What is the thousands digit of 745277818?
7
What is the hundred millions digit of 845751614?
8
What is the units digit of 567741118?
8
What is the tens digit of 941812138?
3
What is the tens digit of 75276740?
4
What is the hundred thousands digit of 455311362?
3
What is the hundred thousands digit of 90715609?
7
What is the hundreds digit of 111008580?
5
What is the hundred thousands digit of 443063554?
0
What is the ten thousands digit of 61732144?
3
What is the hundred thousands digit of 86871645?
8
What is the hundred thousands digit of 40999238?
9
What is the hundred thousands digit of 200569625?
5
What is the tens digit of 80547469?
6
What is the hundreds digit of 523142572?
5
What is the ten thousands digit of 29238714?
3
What is the ten millions digit of 632063297?
3
What is the hundred thousands digit of 405065218?
0
What is the tens digit of 191977348?
4
What is the units digit of 3774518911?
1
What is the hundreds digit of 1211591975?
9
What is the tens digit of 301367219?
1
What is the hundreds digit of 498340402?
4
What is the thousands digit of 133937527?
7
What is the thousands digit of 143656056?
6
What is the millions digit of 66799792?
6
What is the millions digit of 27065668?
7
What is the hundred thousands digit of 63964945?
9
What is the hundred millions digit of 867532585?
8
What is the hundred thousands digit of 100297662?
2
What is the millions digit of 175659526?
5
What is the millions digit of 799691664?
9
What is the hundreds digit of 68190491?
4
What is the units digit of 15363650?
0
What is the tens digit of 193310198?
9
What is the thousands digit of 325112299?
2
What is the hundreds digit of 42124865?
8
What is the thousands digit of 30202223?
2
What is the hundred thousands digit of 134394548?
3
What is the tens digit of 11475749?
4
What is the millions digit of 140003587?
0
What is the millions digit of 1115393?
1
What is the ten millions digit of 378722399?
7
What is the thousands digit of 485227622?
7
What is the hundreds digit of 448568659?
6
What is the millions digit of 3205364320?
5
What is the ten millions digit of 1486688806?
8
What is the ten millions digit of 317980275?
1
What is the hundred thousands digit of 95909875?
9
What is the ten millions digit of 3730702475?
3
What is the ten millions digit of 130828172?
3
What is the hundreds digit of 30810549?
5
What is the hundred thousands digit of 38375826?
3
What is the hundred millions digit of 192694686?
1
What is the hundred millions digit of 1818107466?
8
What is the hundreds digit of 7811438?
4
What is the units digit of 67710937?
7
What is the ten thousands digit of 2204468768?
6
What is the ten millions digit of 308909777?
0
What is the thousands digit of 784411473?
1
What is the thousands digit of 2502847556?
7
What is the hundred thousands digit of 23408388?
4
What is the hundreds digit of 3819558634?
6
What is the thousands digit of 181593975?
3
What is the hundred thousands digit of 136545410?
5
What is the tens digit of 188557131?
3
What is the tens digit of 347619906?
0
What is the ten thousands digit of 56362863?
6
What is the millions digit of 93921177?
3
What is the ten millions digit of 113316236?
1
What is the hundred millions digit of 135416698?
1
What is the tens digit of 59597941?
4
What is the hundred millions digit of 397956785?
3
What is the tens digit of 5067238080?
8
What is the billions digit of 2274981107?
2
What is the ten thousands digit of 131146570?
4
What is the hundred millions digit of 818320515?
8
What is the ten millions digit of 2196377736?
9
What is the hundreds digit of 2842330434?
4
What is the ten thousands digit of 147881222?
8
What is the millions digit of 52157247?
2
What is the millions digit of 443119988?
3
What is the thousands digit of 134996242?
6
What is the thousands digit of 136227879?
7
What is the millions digit of 19553694?
9
What is the hundreds digit of 52604400?
4
What is the thousands digit of 36051076?
1
What is the tens digit of 316152411?
1
What is the hundred millions digit of 1133938573?
1
What is the ten thousands digit of 1885352727?
5
What is the ten thousands digit of 61499640?
9
What is the ten thousands digit of 233370282?
7
What is the units digit of 4607916107?
7
What is the hundred thousands digit of 20544869?
5
What is the units digit of 55780661?
1
What is the tens digit of 4320807477?
7
What is the units digit of 195182099?
9
What is the units digit of 49233117?
7
What is the tens digit of 51255641?
4
What is the ten millions digit of 4856970417?
5
What is the tens digit of 951284556?
5
What is the ten millions digit of 308468857?
0
What is the thousands digit of 60930382?
0
What is the hundred thousands digit of 119505486?
5
What is the hundred thousands digit of 2496798814?
7
What is the ten thousands digit of 190691622?
9
What is the hundreds digit of 290031920?
9
What is the ten thousands digit of 94660402?
6
What is the tens digit of 2457440529?
2
What is the tens digit of 4737183?
8
What is the millions digit of 368296490?
8
What is the hundred thousands digit of 14326717?
3
What is the tens digit of 131867556?
5
What is the ten millions digit of 392443751?
9
What is the ten thousands digit of 81051386?
5
What is the thousands digit of 840364571?
4
What is the hundred thousands digit of 47210792?
2
What is the ten millions digit of 411271992?
1
What is the ten millions digit of 1308805136?
0
What is the ten millions digit of 204884676?
0
What is the ten thousands digit of 70608061?
0
What is the thousands digit of 528162443?
2
What is the thousands digit of 81722958?
2
What is the thousands digit of 3741489825?
9
What is the millions digit of 